In base 8, what is 1162 - 5?
1155
In base 16, what is 1 - -2fa7?
2fa8
In base 10, what is 5 - -358128?
358133
In base 9, what is 1235 - -322?
1557
In base 16, what is 5 + -9a2?
-99d
In base 3, what is 11020100012 + -1?
11020100011
In base 4, what is 10 + 2321120303?
2321120313
In base 4, what is -21 - 1121023210?
-1121023231
In base 3, what is 1110 - 220202101?
-220200221
In base 8, what is -1726 + -16?
-1744
In base 16, what is 3255 + 3?
3258
In base 14, what is 13d2 - 4?
13cc
In base 8, what is -224473 + 2?
-224471
In base 8, what is 10046 + -6?
10040
In base 9, what is 4 - 12524?
-12520
In base 8, what is -140 - -1541?
1401
In base 4, what is -31 + 222212312?
222212221
In base 4, what is 21100213 + -2?
21100211
In base 12, what is 268 + 1689?
1935
In base 12, what is -10 - -70113?
70103
In base 9, what is -6 - -5718?
5712
In base 10, what is 8371 - -84?
8455
In base 12, what is 837 - -2a?
865
In base 6, what is -1 - -240255?
240254
In base 14, what is -35 - 4348?
-437d
In base 15, what is ba9a - 8?
ba92
In base 2, what is 10010 + -11101110101?
-11101100011
In base 4, what is 32 - 1002202?
-1002110
In base 15, what is 2bad + a?
2bb8
In base 15, what is -d0a + 8?
-d02
In base 4, what is 0 - -12312032?
12312032
In base 16, what is 80 + -1fa?
-17a
In base 15, what is 3c - -661d?
665a
In base 10, what is -678 - 11?
-689
In base 4, what is 232313002 + -12?
232312330
In base 13, what is -6 + -16a5?
-16ab
In base 9, what is 34 + -36725?
-36681
In base 11, what is -18117 - -188?
-17a3a
In base 14, what is 3 - 3400?
-33db
In base 14, what is -1 - -4cd7?
4cd6
In base 11, what is 1060a6 + 1?
1060a7
In base 15, what is 7a097 - 5?
7a092
In base 14, what is -2d981a + 3?
-2d9817
In base 2, what is -10101110 + 10000011100111?
10000000111001
In base 12, what is -4a2 + 13b?
-363
In base 15, what is -9 - -3ed5?
3ecb
In base 9, what is 3468832 + 0?
3468832
In base 5, what is -22312 - 4110?
-31422
In base 9, what is -5 - -110523?
110517
In base 16, what is 7db - -48c?
c67
In base 6, what is -3 - -2440102?
2440055
In base 12, what is 2652 + 16b?
2801
In base 11, what is 21936 + -1?
21935
In base 14, what is -20737 + -30?
-20767
In base 5, what is -1002421 - 2?
-1002423
In base 16, what is -94f + 2e?
-921
In base 2, what is -100011110101100 + 111110?
-100011101101110
In base 11, what is -2 - -9789?
9787
In base 7, what is -1662 - -4212?
2220
In base 2, what is -111011101 + 100100?
-110111001
In base 5, what is 1011430424 - -2?
1011430431
In base 16, what is 4b + e4?
12f
In base 12, what is -117a9 + 16?
-11793
In base 13, what is -5 + -1468c?
-14694
In base 16, what is 2f3 + -2?
2f1
In base 14, what is 3 + a67bc?
a67c1
In base 10, what is 409 - 5722?
-5313
In base 14, what is -7437 - -3?
-7434
In base 6, what is 232523 - -1?
232524
In base 2, what is -100001110111 - -1?
-100001110110
In base 3, what is 102202002212 - -2?
102202002221
In base 6, what is -1322 - -31?
-1251
In base 4, what is 2003113 - 2?
2003111
In base 8, what is -17454 - -4?
-17450
In base 16, what is 18d + 2?
18f
In base 7, what is -6 + -20165?
-20204
In base 9, what is -170 + -1543?
-1723
In base 13, what is -15 - -cc79?
cc64
In base 4, what is -113331112 + 22?
-113331030
In base 16, what is -47a3e5 + 3?
-47a3e2
In base 4, what is -3001210022 - 3?
-3001210031
In base 10, what is -173182 - -4?
-173178
In base 3, what is 1100001222 - 20?
1100001202
In base 3, what is -1 - -101000110?
101000102
In base 6, what is 1045112 + 5?
1045121
In base 13, what is 734b - 28?
7323
In base 9, what is 100446 - 4?
100442
In base 14, what is 1 + -379c?
-379b
In base 7, what is 446031 - 141?
445560
In base 16, what is -55 + -10dc?
-1131
In base 10, what is -5 + -10107?
-10112
In base 16, what is 9 + -2719?
-2710
In base 16, what is 1 + dcc0?
dcc1
In base 12, what is 4 + -147944?
-147940
In base 8, what is -7247 - -15?
-7232
In base 9, what is -4 + -10276?
-10281
In base 6, what is 1355 - -1024?
2423
In base 6, what is 3205544 - -3?
3205551
In base 4, what is -10031320 + 0?
-10031320
In base 4, what is 21330 - -110?
22100
In base 12, what is 2 + 1a0a?
1a10
In base 3, what is 2 - 10020001220?
-10020001211
In base 16, what is -a5 - 30e?
-3b3
In base 2, what is -100001100110011101111 + 11?
-100001100110011101100
In base 6, what is 1405 - -15?
1424
In base 13, what is -720ac - 2?
-720b1
In base 6, what is 4 + 5515454?
5515502
In base 9, what is -4702707 + -5?
-4702713
In base 6, what is -11152222 + 14?
-11152204
In base 11, what is -5a - -64a?
5a0
In base 4, what is 302320 - -1310?
310230
In base 3, what is 1 - -200111222?
200112000
In base 2, what is -10000001011000011001 + -100?
-10000001011000011101
In base 11, what is -37619 + 17?
-37602
In base 4, what is 0 + 3320311331?
3320311331
In base 6, what is 5 + -321253?
-321244
In base 8, what is 23 - -6672?
6715
In base 16, what is 2771 - 21?
2750
In base 4, what is -30 - -2131033?
2131003
In base 7, what is 3 - 2320403?
-2320400
In base 8, what is -1531 + -43?
-1574
In base 3, what is 22202002 + 211?
22202220
In base 10, what is -141 - 15307?
-15448
In base 4, what is 323 - 1033131?
-1032202
In base 6, what is -1345 - 105412?
-111201
In base 8, what is 322322 + 4?
322326
In base 4, what is 112133 + 101202?
220001
In base 4, what is 102131003 + -10?
102130333
In base 15, what is a + -a5ec?
-a5e2
In base 14, what is a1d8a + 2?
a1d8c
In base 6, what is 3 + -43231424?
-43231421
In base 7, what is 1066 - -64?
1163
In base 10, what is 1528 + -85?
1443
In base 7, what is -151123 + -15?
-151141
In base 9, what is 570 + -43?
526
In base 4, what is 131313 - 23313?
102000
In base 16, what is 2d + -4c9?
-49c
In base 4, what is 130132 + -21?
130111
In base 11, what is -6296 - -16?
-6280
In base 14, what is -3 - 110a6?
-110a9
In base 16, what is e34af - -5?
e34b4
In base 5, what is 342321 - -11?
342332
In base 9, what is 7 - 31?
-23
In base 3, what is -1120002012222 + 0?
-1120002012222
In base 11, what is -418 - 123?
-540
In base 2, what is 10 + -1011100101101010?
-1011100101101000
In base 3, what is -102 + -1022200?
-1100002
In base 4, what is -13000102 - -2120?
-12331322
In base 11, what is 11 - -161a?
1630
In base 11, what is -162191 - a?
-1621a0
In base 16, what is -db + -23f7?
-24d2
In base 3, what is -21 - -1011121022?
1011121001
In base 2, what is 111111001010 + -1?
111111001001
In base 8, what is 24212 - -36?
24250
In base 9, what is 25 - 202471?
-202445
In base 4, what is -2001211122 - -12?
-2001211110
In base 7, what is 3420 + -34?
3353
In base 3, what is -11200010 + 20121?
-11102112
In base 4, what is 13213 - 23022?
-3203
In base 2, what is -101 + 101111010000?
101111001011
In base 8, what is 11 + 100567?
100600
In base 6, what is 14533 + 0?
14533
In base 10, what is -4022 - -1?
-4021
In base 10, what is -3 + 31845?
31842
In base 5, what is 4214 - -20300?
30014
In base 4, what is 10 + 100113302?
100113312
In base 2, what is 1010110 - -101110000100?
101111011010
In base 6, what is -3031205 - -1?
-3031204
In base 12, what is -3847 - 38?
-3883
In base 14, what is a5 - 78?
2b
In base 4, what is -211133202 + -2?
-211133210
In base 9, what is -12447 - 57?
-12515
In base 4, what is -12023 + -100?
-12123
In base 10, what is 11897 - 71?
11826
In base 6, what is 1003533 - 10?
1003523
In base 14, what is -14 + 676?
662
In base 15, what is -2daa + 5?
-2da5
In base 10, what is 3576 - -657?
4233
In base 16, what is c77 - -208?
e7f
In base 9, what is 20 - 382?
-362
In base 5, what is 220200 - 0?
220200
In base 10, what is -32 + -3305?
-3337
In base 7, what is -2 - 223210?
-223212
In base 7, what is 2424 + -15?
2406
In base 9, what is -383026 - 1?
-383027
In base 8, what is -60643 - -15?
-60626
In base 12, what is 4a - -446b?
44b9
In base 14, what is -150 + -22?
-172
In base 5, what is -142341 - 100?
-142441
In base 9, what is 57 - 46305?
-46237
In base 14, what is 5 + -6d34?
-6d2d
In base 2, what is 100011010100010 + 100?
100011010100110
In base 3, what is 1 + 22020120?
22020121
In base 2, what is -10111101010011000 - 11?
-10111101010011011
In base 8, what is 3 - -11040?
11043
In base 16, what is -3 + -35e2?
-35e5
In base 4, what is -2311102 + 12?
-2311030
In base 11, what is -1901325 - 3?
-1901328
In base 4, what is 210 + 112331?
113201
In base 10, what is 471358 + 4?
471362
In base